 number?
True
Is 1542295514 prime?
False
Is 17062851889 a prime number?
True
Is 107742373 prime?
False
Is 59894889199 prime?
True
Is 9515476031 prime?
False
Is 29732617963 prime?
True
Is 11556045577 a composite number?
False
Is 973018707 composite?
True
Is 11598962027 a composite number?
False
Is 2232643421 a prime number?
True
Is 2013026209 a composite number?
True
Is 258976919 composite?
False
Is 3989673839 a composite number?
False
Is 1622727157 a prime number?
True
Is 1184453707 a composite number?
False
Is 452600123 prime?
False
Is 46455621403 a prime number?
False
Is 482723921 composite?
False
Is 3488661119 a prime number?
False
Is 115270633 a prime number?
False
Is 224646781 prime?
True
Is 2063012123 composite?
False
Is 5155229539 prime?
False
Is 209942682977 prime?
True
Is 4415853119 a composite number?
True
Is 94719285719 composite?
True
Is 16196517017 a composite number?
True
Is 24944771707 a composite number?
False
Is 1660828577 prime?
True
Is 2021942329 a prime number?
False
Is 3797220313 a prime number?
True
Is 286399109 a composite number?
False
Is 288895351 a composite number?
True
Is 29801577557 prime?
False
Is 6745741711 a composite number?
False
Is 5155897957 a composite number?
True
Is 1393092257 a composite number?
False
Is 9190371721 a prime number?
True
Is 157372981 a composite number?
True
Is 55800643331 a prime number?
False
Is 954005729 a composite number?
False
Is 15458861459 prime?
False
Is 14212889123 prime?
False
Is 27212395823 composite?
True
Is 22875107041 a composite number?
False
Is 30199864927 a prime number?
True
Is 6773499281 composite?
False
Is 45446699 a prime number?
True
Is 227145503 prime?
False
Is 17070720811 a prime number?
True
Is 912072773 a prime number?
True
Is 38617574591 composite?
False
Is 64015812394 composite?
True
Is 355535281 composite?
False
Is 1962828719 a composite number?
True
Is 28519185691 prime?
False
Is 266834570339 prime?
False
Is 267453229 a prime number?
False
Is 6344613211 composite?
False
Is 2738812103 a prime number?
True
Is 12631746823 composite?
True
Is 7160077653 a prime number?
False
Is 1082271479 a composite number?
False
Is 30462427669 prime?
False
Is 622516709 a composite number?
False
Is 1724254993 a composite number?
True
Is 38454671753 a composite number?
False
Is 1159414073 composite?
False
Is 78104167 composite?
False
Is 7294318453 prime?
True
Is 7167110113 a prime number?
False
Is 16453164463 composite?
True
Is 7976752949 a prime number?
False
Is 14594962357 a prime number?
False
Is 878547877 composite?
True
Is 1199081321 composite?
True
Is 63601423 prime?
True
Is 69999091 a prime number?
True
Is 1261823741 a composite number?
False
Is 120186137 a composite number?
True
Is 680838391 prime?
False
Is 988943981 prime?
True
Is 438290509 a composite number?
False
Is 203728780259 a prime number?
True
Is 261618871 a prime number?
False
Is 5387453881 a prime number?
True
Is 88460929 prime?
True
Is 11898740069 a prime number?
True
Is 527638723 a prime number?
True
Is 58646497697 composite?
False
Is 79606615931 composite?
True
Is 2575410891 a composite number?
True
Is 31654491577 a composite number?
False
Is 29399407333 a composite number?
True
Is 2105154113 composite?
True
Is 67237033 prime?
False
Is 99877103 a prime number?
True
Is 837016255 composite?
True
Is 959543173 composite?
False
Is 14069618131 a prime number?
True
Is 569917841 a composite number?
False
Is 606276071 a composite number?
False
Is 209083700255 composite?
True
Is 10225951991 prime?
False
Is 269726365147 prime?
False
Is 1143329641 prime?
True
Is 12088683449 a composite number?
False
Is 150054777337 prime?
True
Is 12903926479 prime?
True
Is 355705219 prime?
False
Is 2083867013 composite?
True
Is 255591803 a prime number?
False
Is 95028515047 prime?
True
Is 965158189 a prime number?
False
Is 101047447 a prime number?
True
Is 539906039 a composite number?
False
Is 16057034309 prime?
True
Is 55300033 a prime number?
True
Is 4473726637 prime?
True
Is 709281907 a prime number?
True
Is 28545956941 composite?
False
Is 584234771 a prime number?
False
Is 4886432183 prime?
True
Is 3091895909 composite?
True
Is 6978078941 a prime number?
False
Is 639768629 prime?
False
Is 4449451837 composite?
True
Is 5673784667 composite?
False
Is 846212989 a composite number?
True
Is 4380944597 a composite number?
False
Is 1250273543 prime?
False
Is 365425289 a prime number?
False
Is 7295481191 a prime number?
False
Is 109708040477 a prime number?
False
Is 4389866969 composite?
False
Is 1092133285 composite?
True
Is 53192927 a prime number?
False
Is 69238377623 a prime number?
True
Is 6692282243 prime?
True
Is 202681295 prime?
False
Is 793105627 composite?
True
Is 11137999991 composite?
False
Is 40835584763 prime?
False
Is 1879931783 prime?
False
Is 23221261443 a composite number?
True
Is 38836634063 a composite number?
False
Is 1272302411 a prime number?
True
Is 3141873431 composite?
False
Is 2533124761 prime?
False
Is 81529041809 a composite number?
True
Is 5104289251 composite?
False
Is 1340538163 prime?
True
Is 578255257 a prime number?
False
Is 24888967562 a prime number?
False
Is 8128821511 a composite number?
False
Is 4337706809 a prime number?
True
Is 338879119 a composite number?
True
Is 11014003513 a composite number?
False
Is 326733091 composite?
True
Is 3108201779 a prime number?
True
Is 32797309 composite?
True
Is 3604747691 prime?
True
Is 2422677227 prime?
True
Is 124190146211 a composite number?
False
Is 37271591879 composite?
False
Is 10136080741 a prime number?
False
Is 11644361471 a composite number?
False
Is 1302433061 a composite number?
True
Is 142915301231 a composite number?
False
Is 5812032757 prime?
False
Is 3358311329 prime?
False
Is 2448878903 a prime number?
True
Is 3043356853 a composite number?
False
Is 16723591381 a prime number?
False
Is 129933595609 a composite number?
False
Is 35610701111 prime?
False
Is 99170131 a composite number?
False
Is 1719551413 composite?
True
Is 684427949 a prime number?
False
Is 4137393061 a prime number?
True
Is 502271547 a composite number?
True
Is 2612103829 a composite number?
True
Is 2776329281 a composite number?
True
Is 137605177 a composite number?
False
Is 1392811337 a prime number?
True
Is 233718313 a prime number?
True
Is 86325311 composite?
False
Is 66089501 a composite number?
False
Is 40962066511 prime?
True
Is 4405077133 a composite number?
True
Is 3464049763 a composite number?
False
Is 6835856341 prime?
True
Is 17739734113 prime?
False
Is 932089967 a prime number?
True
Is 32299997797 a composite number?
True
Is 192140909 composite?
True
Is 23077220249 a composite number?
True
Is 710257987 prime?
True
Is 6755047037 composite?
True
Is 33450768853 prime?
False
Is 5078364589 a composite number?
True
Is 30749083 composite?
False
Is 6066029 a composite number?
False
Is 39450979759 composite?
True
Is 1528437787 composite?
False
Is 28009694993 composite?
True
Is 541469303 composite?
True
Is 19159011317 composite?
False
Is 182103749 prime?
True
Is 3573588013 a prime number?
True
Is 6600460421 prime?
True
Is 1725937579 prime?
True
Is 10797947833 prime?
False
Is 1975060789 prime?
False
Is 265473269 a composite number?
True
Is 18452235709 a prime number?
False
Is 4135900205 a composite number?
True
Is 99279605699 prime?
True
Is 1149036351 composite?
True
Is 976841653 a composite number?
False
Is 18341666547 prime?
False
Is 111431620735 prime?
False
Is 7435024109 a prime number?
False
Is 87461488469 prime?
False
Is 4574836063 composite?
True
Is 573796345 a composite number?
True
Is 6526211843 composite?
True
Is 2375097239 composite?
True
Is 20798473819 prime?
True
Is 57380629 a composite number?
True
Is 153152687 a prime number?
False
Is 5925260261 a prime number?
True
Is 1087981381 a prime number?
True
Is 49630936447 a composite number?
True
Is 23044279 a composite number?
True
Is 126249212123 prime?
True
Is 547459247 prime?
True
Is 325338941 a prime number?
True
Is 1277350759 composite?
False
Is 13292309 a prime number?
False
Is 22040137387 prime?
False
Is 107391133 a composite number?
False
Is 1444723531 prime?
True
Is 359432543 a composite number?
True
Is 2787608353 composite?
False
Is 148991137473 prime?
False
Is 5125369811 a composite number?
False
Is 810